at is i(-6)?
88
Let f(w) = w**2 - 7*w - 8. What is f(8)?
0
Let d(f) = -f**3 - 33*f**2 - 59*f + 99. What is d(-31)?
6
Let n(f) = 23*f + 31. Give n(5).
146
Let p(s) = -2*s + 3. Calculate p(8).
-13
Let y(u) = -u**3 - 16*u**2 - 27*u + 12. What is y(-14)?
-2
Let j(m) = 4*m - 34. What is j(-6)?
-58
Let l(w) = -12*w + 350. What is l(30)?
-10
Let h(g) = g**3 + 12*g**2 + 12*g + 10. Determine h(-11).
-1
Let x(g) = 2*g**3 + 19*g**2 + 100. What is x(-10)?
0
Let y(f) = 4*f**2 + 5*f - 3. Determine y(-3).
18
Let h(v) = v**2 + 38*v + 85. Calculate h(-35).
-20
Let d(p) = -4*p**2 + 1. Determine d(1).
-3
Let l(g) = g**2 - 4*g + 4. Give l(4).
4
Let p(k) = k**3 - 2*k**2 + k + 11. Calculate p(0).
11
Let v(u) = -u - 10. What is v(0)?
-10
Let z(i) = 2*i**3 - 8*i + 5. Give z(3).
35
Let k(l) = 17*l - 2. Determine k(4).
66
Let h(f) = -f**3 + 6*f**2 + 7*f - 6. Determine h(7).
-6
Let h(g) = -g**3 + 12*g**2 - 9*g - 15. Give h(11).
7
Let b(w) = -w + 28. Give b(32).
-4
Let c(m) = -12*m + 68. Calculate c(5).
8
Let m(g) = g**3 + 6*g**2 - 4*g - 12. Determine m(-7).
-33
Let a(k) = -6*k - 61. Calculate a(-9).
-7
Let f(o) = -6*o + 47. What is f(6)?
11
Let j(t) = -t**3 + 10*t**2 + 9*t - 18. What is j(11)?
-40
Let i(a) = -7*a**3 - 2*a**2 + 3*a - 2. Give i(1).
-8
Let r(l) = -29*l - 47. Give r(0).
-47
Let f(v) = -8*v**3 + 2*v**2 + 1. Determine f(2).
-55
Let r(s) = -s**3 + 6*s**2 + 5*s - 10. Calculate r(7).
-24
Let k(m) = -m**3 + 3*m**2 - 5*m + 4. Calculate k(4).
-32
Let v(m) = 2*m**2 + 3*m + 2. What is v(0)?
2
Let k(b) = -b**3 + 2*b**2 - 8. Determine k(0).
-8
Let h(y) = -2*y**2 + 6*y - 5. Calculate h(3).
-5
Let t(y) = y**3 + 20*y**2 + 34*y - 5. Determine t(-18).
31
Let n(i) = i**2 + 3*i - 27. What is n(-16)?
181
Let p(o) = -o**3 + 6*o**2 - 5*o + 10. Give p(4).
22
Let i(k) = k**2 - 5*k + 18. Give i(8).
42
Let o(z) = z**2 - 11*z + 65. Calculate o(8).
41
Let m(l) = -2*l - 9. Give m(-7).
5
Let g(l) = -l**2 - 12*l + 13. Calculate g(-7).
48
Let y(u) = -u**2 + 4*u + 1. Give y(3).
4
Let k(r) = -r**2 + 70*r - 377. Give k(6).
7
Let n(f) = f**2 - 10*f - 12. Give n(9).
-21
Let g(l) = 2*l**2 + 2*l + 1. What is g(-1)?
1
Let w(r) = -r**3 + 9*r**2 - r + 5. Determine w(9).
-4
Let a(b) = b**3 - 2*b**2 + b - 4. Determine a(2).
-2
Let g(q) = q**3 + 7*q**2 - 23*q - 12. Determine g(-9).
33
Let d(r) = -r**2 - 9*r + 6. What is d(-9)?
6
Let q(b) = -7*b - 88. Give q(-6).
-46
Let q(g) = -g**3 - g**2 + 8*g - 6. Give q(-4).
10
Let p(q) = -q**2 - 2*q + 5. What is p(-3)?
2
Let q(v) = v - 23. Give q(9).
-14
Let h(o) = -o**2 + 13*o - 11. Calculate h(8).
29
Let h(p) = 5*p + 11. Give h(4).
31
Let z(f) = 5*f + 11. What is z(-3)?
-4
Let c(y) = -2*y**3 - 20*y**2 - 2*y - 20. Give c(-10).
0
Let u(i) = i**3 - 2*i**2 + i. Calculate u(1).
0
Let j(x) = -x**2 - 4*x + 23. Determine j(-7).
2
Let k(v) = -v**3 + 40*v**2 - 108*v - 102. Give k(37).
9
Let c(y) = -y**3 + 13*y**2 + 138*y + 45. What is c(20)?
5
Let n(l) = 2*l - 1. Determine n(3).
5
Let h(o) = -o**3 - 8*o**2 + 32*o - 5. Calculate h(-11).
6
Let n(b) = -b**3 - 7*b**2 - 7*b. Calculate n(-6).
6
Let x(u) = -u**2 + u + 7. What is x(-2)?
1
Let i(a) = 5*a + 55. Calculate i(-10).
5
Let j(p) = -4*p**3 - 6*p**2 - 4*p - 2. Calculate j(-2).
14
Let j(q) = -q**2 + 17*q - 46. Give j(13).
6
Let o(x) = x**2 + 5*x - 17. What is o(-8)?
7
Let h(d) = -d**3 - 9*d**2 - d. What is h(-9)?
9
Let m(l) = -l**2 + 9*l - 9. Calculate m(10).
-19
Let g(y) = 2*y - 32. Calculate g(13).
-6
Let w(t) = -t**3 + 5*t**2 - 2*t + 7. Calculate w(5).
-3
Let l(h) = -h**2 + 2*h + 10. What is l(-3)?
-5
Let l(v) = 31*v + 77. What is l(-3)?
-16
Let b(z) = -z**2 + 7. Determine b(-4).
-9
Let f(s) = -5*s - 5. Give f(6).
-35
Let c(t) = 12*t + 54. Calculate c(-5).
-6
Let x(g) = -g - 20. Give x(-9).
-11
Let s(l) = 71*l - 1. Determine s(-1).
-72
Let r(j) = -33*j - 202. What is r(-6)?
-4
Let g(r) = 2*r**2 + 15*r. Give g(-8).
8
Let y(p) = 6*p + 7. Determine y(-5).
-23
Let x(w) = 5*w**2 + 13*w + 15. What is x(-6)?
117
Let b(s) = s**3 - 4*s - 4. Determine b(4).
44
Let o(f) = -2*f - 21. Calculate o(0).
-21
Let p(a) = a**3 + 5*a**2 + 8*a - 6. What is p(-4)?
-22
Let l(c) = -c**3 + 11*c**2 - 23*c - 1. What is l(8)?
7
Let l(y) = -2*y**2 - y + 62. Determine l(0).
62
Let q(u) = -u**3 + 9*u**2 - 7*u + 6. Give q(8).
14
Let x(c) = 13*c - 45. Calculate x(-8).
-149
Let n(z) = 3*z + 55. Determine n(-18).
1
Let g(y) = 27*y + 97. Determine g(-4).
-11
Let b(s) = -11*s**3 - 5*s + 7. Give b(2).
-91
Let z(j) = -2*j**3 - 3*j**2 + 5*j + 3. Determine z(-3).
15
Let d(y) = -y**3 + 7*y**2 + 5*y - 4. Calculate d(8).
-28
Let r(o) = o - 21. What is r(9)?
-12
Let y(g) = -g**3 - 16*g**2 + 17*g - 11. What is y(-17)?
-11
Let l(k) = k**3 + 15*k**2 + 53*k - 33. Calculate l(-8).
-9
Let i(y) = y**2 + 3*y - 1. Determine i(-2).
-3
Let s(i) = 7*i + 13. Calculate s(-6).
-29
Let t(n) = -2*n**2 + 26*n - 7. What is t(13)?
-7
Let g(t) = t**2 - 2*t - 9. What is g(-4)?
15
Let l(w) = -w**2 + 13*w - 17. Calculate l(11).
5
Let a(n) = -n**2 - 20*n + 44. Determine a(-19).
63
Let x(f) = -f**3 + 10*f**2 + 11*f + 3. Determine x(11).
3
Let o(a) = a**3 + 10. Calculate o(0).
10
Let t(m) = -m**3 - 9*m**2 + 9*m + 16. Give t(-10).
26
Let l(a) = -a**2 - 7*a + 8. Determine l(-9).
-10
Let l(b) = b**2 - 13*b + 20. Determine l(9).
-16
Let l(s) = 11*s - 77. Determine l(13).
66
Let b(f) = -f**3 + 5*f + 5. What is b(-2)?
3
Let f(p) = -3*p**2 + 37*p - 13. Give f(11).
31
Let h(u) = u**2 - 19*u + 61. Give h(14).
-9
Let y(c) = -c**3 - 6*c**2 - c - 1. What is y(-6)?
5
Let z(s) = 3*s**2 + 10*s + 10. Determine z(-6).
58
Let k(i) = i**2 - 18*i + 17. Determine k(15).
-28
Let x(t) = 31*t**3 - t**2 + t. Determine x(1).
31
Let n(d) = 2*d**3 + 14*d**2 - 18*d - 12. What is n(-8)?
4
Let k(s) = -18*s + 21. Give k(-4).
93
Let o(f) = f**3 - f**2 - 6*f - 3. Give o(3).
-3
Let p(f) = f**3 - 6*f**2 - 40*f - 2. What is p(-4)?
-2
Let y(b) = -b**3 - 5*b**2 + 15*b + 6. Determine y(-7).
-1
Let c(o) = -10*o + 6. Determine c(7).
-64
Let s(w) = w**3 - 48*w**2 + 131*w + 4. What is s(3)?
-8
Let k(a) = -a - 13. What is k(-9)?
-4
Let s(h) = 4*h - 21. Give s(6).
3
Let j(c) = c**3 + 5*c**2 - 6*c - 14. Give j(-6).
-14
Let i(n) = 5*n**2 - 5*n. Calculate i(2).
10
Let p(j) = 3*j - 21. Give p(4).
-9
Let j(w) = 20*w - 236. What is j(12)?
4
Let j(n) = -2*n**3 + 40*n**2 - n + 25. Calculate j(20).
5
Let a(l) = -l**3 - 11*l**2 + 1. Give a(-11).
1
Let o(c) = 12*c + 43. What is o(-9)?
-65
Let w(o) = -12*o - 32. What is w(-3)?
4
Let w(g) = -g**3 - g**2 + g + 5. Give w(0).
5
Let d(k) = -3*k + 5. Give d(9).
-22
Let i(t) = t**3 - 6*t**2 + 7*t + 1. Determine i(6).
43
Let o(b) = b**2 + 10*b + 13. Calculate o(-8).
-3
Let u(r) = -r**3 - 11*r**2 - r. What is u(-11)?
11
Let i(n) = 35*n + 283. Determine i(-8).
3
Let v(w) = w**3 - 7*w**2 - w - 3. Give v(7).
-10
Let l(r) = -r**2 - 4*r + 17. Give l(-6).
5
Let m(j) = 2*j**2 + 4*j - 2. Determine m(3).
28
Let x(t) = -31*t + 242. Give x(8).
-6
Let q(o) = -36*o - 112. Give q(-3).
-4
Let i(j) = -3*j**3 - 37*j**2 + 26*j + 4. Determine i(-13).
4
Let h(l) = l + 1. Give h(2).
3
Let i(t) = -t**2 + 10*t - 12. Give i(8).
4
Let s(d) = -d**3 - 20*d**2 - 16*d + 46. Calculate s(-19).
-11
Let n(i) = -4*i - 21. What is n(-6)?
3
Let t(i) = -9*i**2 - 135*i + 7. Determine t(-15).
7
Let w(r) = -r - 11. Calculate w(-5).
-6
Let q(a) = a**3 + 2*a - 14. Give q(0).
-14
Let k(i) = 16*i - 214. Calculate k(13).
-6
Let g(b) = b**2 + b - 11. Calculate g(4).
9
Let k(c) = -13*c - 60. What is k(-6)?
18
Let m(o) = 2*o**2 + 6*o - 23. What is m(6)?
85
Let h(g) = -g**2 + g. Determine h(-1).
-2
Let s(p) = -p**2 - 20*p + 5. Calculate s(-20).
5
Let t(h) = -h**3 - 14*h**2 - 34*h + 3. Give t(-11).
14
Let y(h) = 9*h + 35. Give y(-5).
-10
Let z(y) = 5*y + 4. Calculate z(0).
4
Let n(t) = t**2 + t + 5. What is n(-3)?
11
Let i(b) = -b**2 - 14*b + 27. Calculate i(-11).
60
Let c(i) = -7*i + 15. Give c(3).
-6
Let s(t) = 10*t**2 + t. Determine s(1).
11
Let z(t) = t**3 - 19*t**2 + 4*t - 78. What is z(19)?
-2
Let i(y) = 3*y - 2. Determine i(-2).
-8
Let u(s) = 2*s - 8. Calculate u(0).
-8
Let p(f) = -f**2 - 6*f - 2. Give p(-4).
6
Let k(y) = -3*y - 40. Determine k(-32).
56
Let g(l) = 3*l + 1. Determine g(5).
16
Let z(u) = 53*u + 409. Determine z(-8).
-15
Let p(n) = 6*n - 2. What is p(4)?
22
Let v(z) = z**3 + 9*z**2 - 6*z - 13. Give v(-9).
41
Let u(a) = -3*a - 30. 